{"id":3997,"date":"2025-09-25T21:39:58","date_gmt":"2025-09-25T21:39:58","guid":{"rendered":"https:\/\/vidaoeste.org\/?post_type=eventer&#038;p=3997"},"modified":"2025-09-25T21:40:00","modified_gmt":"2025-09-25T21:40:00","slug":"vigilia-neos-plus","status":"publish","type":"eventer","link":"https:\/\/vidaoeste.org\/en\/eventer\/vigilia-neos-plus\/","title":{"rendered":"Vigilia Neos Plus"},"content":{"rendered":"<p>La vigilia &#8216;Despiertos por la Palabra&#8217; ser\u00e1 un tiempo para conectarnos con Dios y su Palabra. Esta actividad es exclusiva para j\u00f3venes entre 18 y 25 a\u00f1os.<\/p>\n\n\n\n<hr class=\"wp-block-separator has-alpha-channel-opacity is-style-dots\"\/>\n\n\n\n<p class=\"bottom-space\" style=\"font-size:22px\">Fecha: <strong>Viernes 3 de octubre<\/strong><\/p>\n\n\n\n<p class=\"bottom-space\" style=\"font-size:22px\">Hora: <strong>7:00 p.m.<\/strong> <strong>&#8211; 2:00 a.m.<\/strong><\/p>\n\n\n\n<p class=\"bottom-space\" style=\"font-size:22px\">Lugar: <strong>Vida Abundante del Oeste<\/strong><\/p>\n\n\n\n<p class=\"bottom-space\" style=\"font-size:22px\">Inscribite al <strong>7003-1162<\/strong>.<\/p>","protected":false},"excerpt":{"rendered":"<p>La vigilia &#8216;Despiertos por la Palabra&#8217; ser\u00e1 un tiempo para conectarnos con Dios y su Palabra. Esta actividad es exclusiva para j\u00f3venes entre 18 y [&hellip;]<\/p>","protected":false},"author":3,"featured_media":4000,"comment_status":"open","ping_status":"closed","template":"","eventer-category":[],"eventer-tag":[],"eventer-venue":[],"eventer-organizer":[],"class_list":{"0":"post-3997","2":"type-eventer","3":"status-publish","4":"has-post-thumbnail","5":"hentry"},"aioseo_notices":[],"eventer_organizer":[],"eventer_venue":[],"meta_box":[],"_links":{"self":[{"href":"https:\/\/vidaoeste.org\/en\/wp-json\/wp\/v2\/eventer\/3997","targetHints":{"allow":["GET"]}}],"collection":[{"href":"https:\/\/vidaoeste.org\/en\/wp-json\/wp\/v2\/eventer"}],"about":[{"href":"https:\/\/vidaoeste.org\/en\/wp-json\/wp\/v2\/types\/eventer"}],"author":[{"embeddable":true,"href":"https:\/\/vidaoeste.org\/en\/wp-json\/wp\/v2\/users\/3"}],"replies":[{"embeddable":true,"href":"https:\/\/vidaoeste.org\/en\/wp-json\/wp\/v2\/comments?post=3997"}],"wp:featuredmedia":[{"embeddable":true,"href":"https:\/\/vidaoeste.org\/en\/wp-json\/wp\/v2\/media\/4000"}],"wp:attachment":[{"href":"https:\/\/vidaoeste.org\/en\/wp-json\/wp\/v2\/media?parent=3997"}],"wp:term":[{"taxonomy":"eventer-category","embeddable":true,"href":"https:\/\/vidaoeste.org\/en\/wp-json\/wp\/v2\/eventer-category?post=3997"},{"taxonomy":"eventer-tag","embeddable":true,"href":"https:\/\/vidaoeste.org\/en\/wp-json\/wp\/v2\/eventer-tag?post=3997"},{"taxonomy":"eventer-venue","embeddable":true,"href":"https:\/\/vidaoeste.org\/en\/wp-json\/wp\/v2\/eventer-venue?post=3997"},{"taxonomy":"eventer-organizer","embeddable":true,"href":"https:\/\/vidaoeste.org\/en\/wp-json\/wp\/v2\/eventer-organizer?post=3997"}],"curies":[{"name":"wp","href":"https:\/\/api.w.org\/{rel}","templated":true}]}}

<p>La vigilia &#8216;Despiertos por la Palabra&#8217; será un tiempo para conectarnos con Dios y su Palabra. Esta actividad es exclusiva para jóvenes entre 18 y 25 años.</p>



<hr class="wp-block-separator has-alpha-channel-opacity is-style-dots"/>



<p class="bottom-space" style="font-size:22px">Fecha: <strong>Viernes 3 de octubre</strong></p>



<p class="bottom-space" style="font-size:22px">Hora: <strong>7:00 p.m.</strong> <strong>&#8211; 2:00 a.m.</strong></p>



<p class="bottom-space" style="font-size:22px">Lugar: <strong>Vida Abundante del Oeste</strong></p>



<p class="bottom-space" style="font-size:22px">Inscribite al <strong>7003-1162</strong>.</p>

<p>La vigilia &#8216;Despiertos por la Palabra&#8217; será un tiempo para conectarnos con Dios y su Palabra. Esta actividad es exclusiva para jóvenes entre 18 y [&hellip;]</p>
