{"id":4095,"date":"2025-11-07T22:52:10","date_gmt":"2025-11-07T22:52:10","guid":{"rendered":"https:\/\/vidaoeste.org\/?post_type=eventer&#038;p=4095"},"modified":"2025-11-07T22:52:11","modified_gmt":"2025-11-07T22:52:11","slug":"juntos-en-navidad","status":"publish","type":"eventer","link":"https:\/\/vidaoeste.org\/en\/eventer\/juntos-en-navidad\/","title":{"rendered":"Juntos en Navidad"},"content":{"rendered":"<p><strong>\u00a1No pas\u00e9s s\u00f3lo la Navidad!<\/strong> Si sos un <strong>miembro activo de VAO<\/strong> y no ten\u00e9s familiares con quienes celebrar la Navidad, pod\u00e9s venir a celebrarla con tu <strong>familia en Cristo<\/strong>.<\/p>\n\n\n\n<hr class=\"wp-block-separator has-alpha-channel-opacity is-style-dots\"\/>\n\n\n\n<p class=\"bottom-space\" style=\"font-size:22px\">Fecha: <strong>mi\u00e9rcoles 24 de diciembre<\/strong><\/p>\n\n\n\n<p class=\"bottom-space\" style=\"font-size:22px\">Hora:<strong> 12:00 m.d.<\/strong><\/p>\n\n\n\n<p class=\"bottom-space\" style=\"font-size:22px\">Lugar: <strong>auditorio general VAO<\/strong><\/p>\n\n\n\n<p class=\"bottom-space\" style=\"font-size:22px\">Confirm\u00e1 tu asistencia al<strong> 8908-1241<\/strong><\/p>","protected":false},"excerpt":{"rendered":"<p>\u00a1No pas\u00e9s s\u00f3lo la Navidad! Si sos un miembro activo de VAO y no ten\u00e9s familiares con quienes celebrar la Navidad, pod\u00e9s venir a celebrarla [&hellip;]<\/p>","protected":false},"author":3,"featured_media":4096,"comment_status":"open","ping_status":"closed","template":"","eventer-category":[],"eventer-tag":[],"eventer-venue":[],"eventer-organizer":[],"class_list":{"0":"post-4095","2":"type-eventer","3":"status-publish","4":"has-post-thumbnail","5":"hentry"},"aioseo_notices":[],"eventer_organizer":[],"eventer_venue":[],"meta_box":[],"_links":{"self":[{"href":"https:\/\/vidaoeste.org\/en\/wp-json\/wp\/v2\/eventer\/4095","targetHints":{"allow":["GET"]}}],"collection":[{"href":"https:\/\/vidaoeste.org\/en\/wp-json\/wp\/v2\/eventer"}],"about":[{"href":"https:\/\/vidaoeste.org\/en\/wp-json\/wp\/v2\/types\/eventer"}],"author":[{"embeddable":true,"href":"https:\/\/vidaoeste.org\/en\/wp-json\/wp\/v2\/users\/3"}],"replies":[{"embeddable":true,"href":"https:\/\/vidaoeste.org\/en\/wp-json\/wp\/v2\/comments?post=4095"}],"wp:featuredmedia":[{"embeddable":true,"href":"https:\/\/vidaoeste.org\/en\/wp-json\/wp\/v2\/media\/4096"}],"wp:attachment":[{"href":"https:\/\/vidaoeste.org\/en\/wp-json\/wp\/v2\/media?parent=4095"}],"wp:term":[{"taxonomy":"eventer-category","embeddable":true,"href":"https:\/\/vidaoeste.org\/en\/wp-json\/wp\/v2\/eventer-category?post=4095"},{"taxonomy":"eventer-tag","embeddable":true,"href":"https:\/\/vidaoeste.org\/en\/wp-json\/wp\/v2\/eventer-tag?post=4095"},{"taxonomy":"eventer-venue","embeddable":true,"href":"https:\/\/vidaoeste.org\/en\/wp-json\/wp\/v2\/eventer-venue?post=4095"},{"taxonomy":"eventer-organizer","embeddable":true,"href":"https:\/\/vidaoeste.org\/en\/wp-json\/wp\/v2\/eventer-organizer?post=4095"}],"curies":[{"name":"wp","href":"https:\/\/api.w.org\/{rel}","templated":true}]}}

<p><strong>¡No pasés sólo la Navidad!</strong> Si sos un <strong>miembro activo de VAO</strong> y no tenés familiares con quienes celebrar la Navidad, podés venir a celebrarla con tu <strong>familia en Cristo</strong>.</p>



<hr class="wp-block-separator has-alpha-channel-opacity is-style-dots"/>



<p class="bottom-space" style="font-size:22px">Fecha: <strong>miércoles 24 de diciembre</strong></p>



<p class="bottom-space" style="font-size:22px">Hora:<strong> 12:00 m.d.</strong></p>



<p class="bottom-space" style="font-size:22px">Lugar: <strong>auditorio general VAO</strong></p>



<p class="bottom-space" style="font-size:22px">Confirmá tu asistencia al<strong> 8908-1241</strong></p>

<p>¡No pasés sólo la Navidad! Si sos un miembro activo de VAO y no tenés familiares con quienes celebrar la Navidad, podés venir a celebrarla [&hellip;]</p>
