{"id":3004,"date":"2025-05-31T23:35:18","date_gmt":"2025-05-31T23:35:18","guid":{"rendered":"https:\/\/vidaabundanteoeste.xerasistemas.tech\/?post_type=imi_isermons&#038;p=3004"},"modified":"2025-06-02T15:53:33","modified_gmt":"2025-06-02T15:53:33","slug":"del-miedo-a-la-esperanza-mauricio-solis-paz-reunion-en-linea","status":"publish","type":"imi_isermons","link":"https:\/\/vidaoeste.org\/en\/imi_sermon\/del-miedo-a-la-esperanza-mauricio-solis-paz-reunion-en-linea\/","title":{"rendered":"Del Miedo a la Esperanza | Mauricio Sol\u00eds Paz | Reuni\u00f3n en l\u00ednea"},"content":{"rendered":"","protected":false},"excerpt":{"rendered":"","protected":false},"author":1,"featured_media":0,"template":"","imi_isermons-categories":[],"imi_isermons-topics":[],"imi_isermons-books":[],"imi_isermons-series":[70],"imi_isermons-preachers":[],"class_list":["post-3004","imi_isermons","type-imi_isermons","status-publish","hentry","imi_isermons-series-delmiedoalaesperanza"],"aioseo_notices":[],"meta_box":[],"_links":{"self":[{"href":"https:\/\/vidaoeste.org\/en\/wp-json\/wp\/v2\/imi_isermons\/3004","targetHints":{"allow":["GET"]}}],"collection":[{"href":"https:\/\/vidaoeste.org\/en\/wp-json\/wp\/v2\/imi_isermons"}],"about":[{"href":"https:\/\/vidaoeste.org\/en\/wp-json\/wp\/v2\/types\/imi_isermons"}],"author":[{"embeddable":true,"href":"https:\/\/vidaoeste.org\/en\/wp-json\/wp\/v2\/users\/1"}],"wp:attachment":[{"href":"https:\/\/vidaoeste.org\/en\/wp-json\/wp\/v2\/media?parent=3004"}],"wp:term":[{"taxonomy":"imi_isermons-categories","embeddable":true,"href":"https:\/\/vidaoeste.org\/en\/wp-json\/wp\/v2\/imi_isermons-categories?post=3004"},{"taxonomy":"imi_isermons-topics","embeddable":true,"href":"https:\/\/vidaoeste.org\/en\/wp-json\/wp\/v2\/imi_isermons-topics?post=3004"},{"taxonomy":"imi_isermons-books","embeddable":true,"href":"https:\/\/vidaoeste.org\/en\/wp-json\/wp\/v2\/imi_isermons-books?post=3004"},{"taxonomy":"imi_isermons-series","embeddable":true,"href":"https:\/\/vidaoeste.org\/en\/wp-json\/wp\/v2\/imi_isermons-series?post=3004"},{"taxonomy":"imi_isermons-preachers","embeddable":true,"href":"https:\/\/vidaoeste.org\/en\/wp-json\/wp\/v2\/imi_isermons-preachers?post=3004"}],"curies":[{"name":"wp","href":"https:\/\/api.w.org\/{rel}","templated":true}]}}

Del Miedo a la Esperanza | Mauricio Solís Paz | Reunión en línea
