{"id":3025,"date":"2025-06-01T00:24:23","date_gmt":"2025-06-01T00:24:23","guid":{"rendered":"https:\/\/vidaabundanteoeste.xerasistemas.tech\/?post_type=imi_isermons&#038;p=3025"},"modified":"2025-06-02T15:52:49","modified_gmt":"2025-06-02T15:52:49","slug":"frustrados-mauricio-solis-paz-reunion-en-linea","status":"publish","type":"imi_isermons","link":"https:\/\/vidaoeste.org\/en\/imi_sermon\/frustrados-mauricio-solis-paz-reunion-en-linea\/","title":{"rendered":"\u00bfFrustrados? | Mauricio Sol\u00eds Paz | Reuni\u00f3n en l\u00ednea"},"content":{"rendered":"","protected":false},"excerpt":{"rendered":"","protected":false},"author":1,"featured_media":0,"template":"","imi_isermons-categories":[],"imi_isermons-topics":[],"imi_isermons-books":[],"imi_isermons-series":[72],"imi_isermons-preachers":[],"class_list":["post-3025","imi_isermons","type-imi_isermons","status-publish","hentry","imi_isermons-series-frustadros"],"aioseo_notices":[],"meta_box":[],"_links":{"self":[{"href":"https:\/\/vidaoeste.org\/en\/wp-json\/wp\/v2\/imi_isermons\/3025","targetHints":{"allow":["GET"]}}],"collection":[{"href":"https:\/\/vidaoeste.org\/en\/wp-json\/wp\/v2\/imi_isermons"}],"about":[{"href":"https:\/\/vidaoeste.org\/en\/wp-json\/wp\/v2\/types\/imi_isermons"}],"author":[{"embeddable":true,"href":"https:\/\/vidaoeste.org\/en\/wp-json\/wp\/v2\/users\/1"}],"wp:attachment":[{"href":"https:\/\/vidaoeste.org\/en\/wp-json\/wp\/v2\/media?parent=3025"}],"wp:term":[{"taxonomy":"imi_isermons-categories","embeddable":true,"href":"https:\/\/vidaoeste.org\/en\/wp-json\/wp\/v2\/imi_isermons-categories?post=3025"},{"taxonomy":"imi_isermons-topics","embeddable":true,"href":"https:\/\/vidaoeste.org\/en\/wp-json\/wp\/v2\/imi_isermons-topics?post=3025"},{"taxonomy":"imi_isermons-books","embeddable":true,"href":"https:\/\/vidaoeste.org\/en\/wp-json\/wp\/v2\/imi_isermons-books?post=3025"},{"taxonomy":"imi_isermons-series","embeddable":true,"href":"https:\/\/vidaoeste.org\/en\/wp-json\/wp\/v2\/imi_isermons-series?post=3025"},{"taxonomy":"imi_isermons-preachers","embeddable":true,"href":"https:\/\/vidaoeste.org\/en\/wp-json\/wp\/v2\/imi_isermons-preachers?post=3025"}],"curies":[{"name":"wp","href":"https:\/\/api.w.org\/{rel}","templated":true}]}}

¿Frustrados? | Mauricio Solís Paz | Reunión en línea
